+ 326?
322
In base 6, what is 154525 + -5?
154520
In base 5, what is -11 - 2104?
-2120
In base 9, what is -35 + -4?
-40
In base 15, what is -46 - -5?
-41
In base 11, what is -1444 - -5?
-143a
In base 9, what is 3208 + -3?
3205
In base 16, what is -41 + 2?
-3f
In base 10, what is -118 + 134?
16
In base 9, what is -3664 + 4?
-3660
In base 6, what is 4321 + -1?
4320
In base 11, what is -6390 + 2?
-6389
In base 11, what is 1 - 95?
-94
In base 8, what is -372 + -3?
-375
In base 10, what is -12324 - 3?
-12327
In base 2, what is 1001111 - 10100?
111011
In base 5, what is 4 - 202?
-143
In base 8, what is 3 + -147?
-144
In base 6, what is 21111 + 4?
21115
In base 6, what is 21520 + 1?
21521
In base 14, what is 0 + 24d?
24d
In base 11, what is -4 + 141?
138
In base 15, what is 1 + -45?
-44
In base 16, what is 11b - -4?
11f
In base 12, what is 82 + 3?
85
In base 11, what is -47 + 6?
-41
In base 12, what is 1406 + -1?
1405
In base 2, what is 1110110 + 1000?
1111110
In base 10, what is -1 + 121?
120
In base 4, what is 2 + -110013?
-110011
In base 11, what is 1 + -967?
-966
In base 13, what is -1 + 51a?
519
In base 14, what is 19 - -3?
1c
In base 8, what is 1412 - 0?
1412
In base 14, what is 161a - -1?
161b
In base 6, what is 3 + -153?
-150
In base 14, what is 3a - 15?
25
In base 9, what is 11 - 5?
5
In base 16, what is -2c0 + 4?
-2bc
In base 4, what is -13 - -103?
30
In base 10, what is -9 - 517?
-526
In base 16, what is -41 + -3?
-44
In base 5, what is -11310 + 2?
-11303
In base 7, what is 5502 + 10?
5512
In base 4, what is 31011 - -13?
31030
In base 8, what is 11407 - 5?
11402
In base 9, what is 45 - 4?
41
In base 11, what is -115 - 0?
-115
In base 9, what is -2108 - -1?
-2107
In base 7, what is -22 - 643?
-665
In base 2, what is 11111 - 1000011?
-100100
In base 10, what is 1 - 34?
-33
In base 8, what is -21 - -30?
7
In base 3, what is 102 + -22?
10
In base 2, what is 1 + -10000100?
-10000011
In base 6, what is -113 + -4?
-121
In base 10, what is 1 - 190?
-189
In base 12, what is -b + -2?
-11
In base 6, what is -14300 + 10?
-14250
In base 9, what is -4 - -2467?
2463
In base 13, what is 0 - 78?
-78
In base 9, what is -32083 + -5?
-32088
In base 8, what is 76 - 271?
-173
In base 16, what is 2 - 1f?
-1d
In base 10, what is -1520 - 1?
-1521
In base 14, what is 5 - 19?
-14
In base 6, what is 2040 - 1?
2035
In base 11, what is 3 - 251?
-249
In base 15, what is 7 - -7?
e
In base 13, what is -5 - -24?
1c
In base 15, what is 8 + -32e?
-326
In base 4, what is 233 + -11?
222
In base 6, what is -3 - 302?
-305
In base 11, what is -61 - -5?
-57
In base 10, what is 33232 + -3?
33229
In base 5, what is -111432 + 2?
-111430
In base 9, what is 137 + 0?
137
In base 10, what is -4 - 219?
-223
In base 6, what is 30 - -204?
234
In base 16, what is -1 + 97e?
97d
In base 15, what is -3 - 35?
-38
In base 14, what is 4 - -5a?
60
In base 8, what is 1 + 2201?
2202
In base 9, what is 67 + 1?
68
In base 10, what is 9 - 37?
-28
In base 5, what is -1000 - -13?
-432
In base 14, what is 54 - 36?
1c
In base 6, what is 0 - -112?
112
In base 4, what is -3 - 320231?
-320300
In base 10, what is -2 - 61?
-63
In base 15, what is -7c0 - 3?
-7c3
In base 2, what is -10 + -101?
-111
In base 4, what is -1 - 1022121?
-1022122
In base 2, what is -10 - 1101?
-1111
In base 16, what is -2 - 7a?
-7c
In base 14, what is 1c + -d4?
-b6
In base 8, what is -2 - -17?
15
In base 14, what is -1da + -6?
-202
In base 6, what is -102 - 505?
-1011
In base 5, what is 13031 + -4?
13022
In base 5, what is 11031 - 4?
11022
In base 9, what is -1 + -12372?
-12373
In base 9, what is 51 + 314?
365
In base 10, what is -4 + 1?
-3
In base 14, what is b2 - -1d?
d1
In base 4, what is -11310 + -20?
-11330
In base 16, what is -aa94 + 1?
-aa93
In base 4, what is 1310113 + 3?
1310122
In base 3, what is -1012 - -110?
-202
In base 13, what is 162 + 9?
16b
In base 4, what is 1 - 230?
-223
In base 2, what is -110000 - -111000?
1000
In base 16, what is 11 + -46?
-35
In base 7, what is 0 - 46?
-46
In base 3, what is 20122 + 1?
20200
In base 9, what is -7 + -113?
-121
In base 6, what is 1041 + -11?
1030
In base 12, what is -3b + 243?
204
In base 3, what is -1210 - -1?
-1202
In base 3, what is 11 + -12111?
-12100
In base 10, what is -7 + 13?
6
In base 7, what is 4 + 342?
346
In base 15, what is -5d9 + 5?
-5d4
In base 13, what is -6 - 25b?
-264
In base 14, what is 4 + cc?
d2
In base 10, what is -460 + -8?
-468
In base 7, what is -6 - -35?
26
In base 15, what is -8a - 4?
-8e
In base 14, what is 5b + 3?
60
In base 11, what is 3 + 1610?
1613
In base 2, what is 11 + 100110?
101001
In base 2, what is 110 - -11110110?
11111100
In base 7, what is 4 - 165?
-161
In base 12, what is -460 - -b?
-451
In base 5, what is -3013 + -24?
-3042
In base 2, what is 1010000101101 + 10?
1010000101111
In base 16, what is -8 - -f?
7
In base 14, what is -10 + 78?
68
In base 4, what is -123 + -11311?
-12100
In base 3, what is 10201 - 12?
10112
In base 15, what is 1 - -24?
25
In base 6, what is -132 + -23?
-155
In base 10, what is 9 + 4?
13
In base 16, what is 0 + -3?
-3
In base 9, what is -5 - -114?
108
In base 3, what is 1 - 2001011?
-2001010
In base 7, what is 111 - -45?
156
In base 12, what is 0 - -109a?
109a
In base 10, what is -142 - -3?
-139
In base 16, what is 1 + 26?
27
In base 15, what is -c - -e?
2
In base 8, what is 0 - -464?
464
In base 13, what is c4 - 1?
c3
In base 11, what is -79 + 6?
-73
In base 16, what is a - 2?
8
In base 3, what is 12 - -101000110?
101000122
In base 16, what is 8f + 6?
95
In base 11, what is -464 + -5?
-469
In base 5, what is -1030 + -4?
-1034
In base 4, what is -1 + 202003?
202002
In base 16, what is 1e + d?
2b
In base 3, what is 11000000 - 11?
10222212
In base 4, what is -1 + -131?
-132
In base 7, what is -6 + 4561?
4552
In base 8, what is 2003 - 5?
1776
In base 4, what is 123 + 1102?
1231
In base 4, what is -2 + 102202?
102200
In base 8, what is -2 - 272?
-274
In base 2, what is -10010100111 + 100?
-10010100011
In base 3, what is -10 + -1221200?
-1221210
In base 5, what is 143 + 2?
200
In base 8, what is -30676 - 5?
-30703
In base 7, what is 106031 + -1?
106030
In base 9, what is 47 + 6?
54
In base 2, what is 1000000000000 - -101?
1000000000101
In base 2, what is 10001010 + 1110011?
11111101
In base 9, what is 6 - -7?
14
In base 14, what is 4 + d7?
db
In base 9, what is -21 + -30?
-51
In base 4, what is -10 + -121211?
-121221
In base 7, what is -164 + -11?
-205
In base 9, what is -621 + 0?
-621
In base 7, what is 54 - -6?
63
In base 10, what is 0 + 265?
265
In base 2, what is -101 + 10100011011?
10100010110
In base 6, what is -223 + -142?
-405
In base 13, what is 5 + 4a?
52
In base 15, what is 1 + -57?
-56
In base 13, what is -5b - 1?
-5c
In base 5, what is -11 - -140?
124
In base 3, what is -112202 + -1?
-112210
In base 8, what is 52 - -526?
600
In base 13, what is -4 - -28a?
286
In base 15, what is 53 - -12?
65
In base 9, what is -47 + -4?
-52
In base 15, what is 4 - 34?
-30
In base 9, what is 4 + -184?
-180
In base 13, what is -6c + 2?
-6a
In base 6, what is 4 - 440?
-432
In base 15, what is 181 - 29?
157
In base 14, what is 4 - -32?
36
In base 3, what is 120000 + -200?
112100
In base 4, what is 2313100 + 0?
2313100
In base 2, what is 1000100 - -1000010?
10000110
In base 9, what is -7 - -20?
12
In base 5, what is -10 + -2424?
-2434
In base 4, what is 11212 - 21?
11131
In base 7, what is -2 - -200?
165
In base 13, what is -4 + -b69?
-b70
In base 11, what is -1 + -1375?
-1376
In base 2, what is -1001101 + -100?
-1010001
In base 9, what is -31 + 35?
4
In base 13, what is a2 - -4?
a6
In base 14, what is 609 - 5?
604
In base 3, what is -222 + 111220?
110221
In base 11, what is 566 - 5?
561
In base 5, what is -1 + 441?
440
In base 9, what is 13245 + 1?
13246
In base 13, what is 2b - b?
20
In base 11, what is 50 - -3?
53
In base 8, what is -14131 + 5?
-14124
In base 13, what is -127 - 2?
-129
In base 14, what is -7 + 1b?
14
In base 15, what is -87 + -5?
-8c
In base 11, what is -109 + 2?
-107
In base 5, what is 1020 + 3?
1023
In base 16, what is 2 - 549?
-547
In base 16, what is -72 + 0?
-72
In base 12, what is 4 + 179?
181
In base 4, what is -103 - 3?
-112
In base 12, what is -157 + -5?
-160
In base 14, what is -11 + 6c?
5b
In ba